te the greatest common factor of 165 and 187.
11
Calculate the greatest common factor of 24035 and 11.
11
What is the highest common divisor of 435 and 45?
15
What is the greatest common divisor of 41 and 328?
41
What is the greatest common divisor of 636 and 504?
12
What is the greatest common factor of 27 and 489?
3
What is the highest common factor of 348 and 290?
58
Calculate the highest common factor of 2708 and 4.
4
What is the highest common divisor of 2 and 98?
2
What is the greatest common factor of 171 and 63?
9
Calculate the highest common divisor of 10227 and 21.
21
What is the greatest common divisor of 10857 and 21?
21
Calculate the greatest common factor of 351 and 13.
13
What is the highest common divisor of 1152 and 9?
9
What is the highest common divisor of 1323 and 147?
147
What is the greatest common divisor of 26 and 12454?
26
What is the greatest common divisor of 2352 and 24?
24
Calculate the greatest common divisor of 2405 and 52.
13
What is the highest common factor of 8 and 68?
4
Calculate the greatest common factor of 108 and 32.
4
Calculate the highest common factor of 41 and 16687.
41
What is the greatest common divisor of 533 and 984?
41
What is the greatest common factor of 16 and 1676?
4
What is the highest common factor of 267 and 12?
3
Calculate the highest common factor of 108 and 33804.
108
Calculate the greatest common factor of 1775 and 400.
25
Calculate the highest common divisor of 378 and 42.
42
Calculate the greatest common factor of 99 and 143.
11
What is the greatest common divisor of 5904 and 96?
48
What is the greatest common factor of 222 and 6?
6
Calculate the greatest common factor of 705 and 1833.
141
Calculate the highest common divisor of 64 and 19648.
64
What is the greatest common divisor of 6 and 24?
6
Calculate the highest common divisor of 240 and 1040.
80
What is the highest common divisor of 4376 and 8?
8
Calculate the greatest common factor of 10 and 2.
2
What is the highest common factor of 309 and 27?
3
What is the highest common divisor of 31 and 279?
31
Calculate the highest common factor of 46 and 24.
2
Calculate the highest common factor of 38 and 4123.
19
What is the highest common factor of 266 and 399?
133
What is the highest common divisor of 1852 and 10?
2
Calculate the highest common factor of 468 and 52.
52
What is the highest common divisor of 48 and 24432?
48
What is the highest common factor of 45 and 27?
9
What is the greatest common factor of 70 and 160?
10
Calculate the highest common factor of 438 and 5475.
219
What is the greatest common divisor of 2584 and 152?
152
Calculate the greatest common divisor of 1016 and 127.
127
What is the greatest common divisor of 2936 and 56?
8
Calculate the greatest common divisor of 3 and 16.
1
What is the greatest common factor of 28434 and 42?
42
Calculate the greatest common factor of 90 and 8010.
90
What is the highest common factor of 54 and 90?
18
What is the greatest common factor of 17958 and 6?
6
What is the greatest common divisor of 104 and 7384?
104
What is the highest common factor of 39 and 377?
13
Calculate the highest common factor of 315 and 84.
21
Calculate the highest common divisor of 438 and 30.
6
Calculate the highest common divisor of 51 and 221.
17
What is the greatest common factor of 30 and 66?
6
Calculate the highest common divisor of 16792 and 8.
8
Calculate the highest common factor of 14161 and 49.
49
Calculate the highest common divisor of 2448 and 238.
34
What is the highest common divisor of 37 and 296?
37
Calculate the highest common factor of 20 and 410.
10
Calculate the greatest common factor of 8 and 3368.
8
What is the greatest common divisor of 32 and 768?
32
What is the highest common divisor of 196 and 49?
49
Calculate the highest common divisor of 464 and 29.
29
Calculate the highest common factor of 15 and 415.
5
What is the highest common factor of 2 and 29?
1
What is the greatest common factor of 1300 and 50?
50
What is the greatest common divisor of 255 and 204?
51
What is the greatest common divisor of 3782 and 124?
62
Calculate the highest common factor of 176 and 66.
22
Calculate the greatest common factor of 43 and 1.
1
What is the greatest common divisor of 144 and 84?
12
Calculate the greatest common factor of 15 and 57.
3
Calculate the highest common divisor of 6234 and 12.
6
Calculate the greatest common divisor of 826 and 126.
14
What is the highest common divisor of 3 and 183?
3
What is the greatest common divisor of 456 and 804?
12
Calculate the highest common divisor of 18 and 855.
9
What is the highest common factor of 550 and 50?
50
What is the greatest common divisor of 136 and 1666?
34
Calculate the greatest common factor of 217 and 155.
31
What is the highest common factor of 25 and 2225?
25
Calculate the greatest common factor of 65 and 15.
5
What is the greatest common divisor of 17787 and 147?
147
Calculate the greatest common factor of 12 and 42.
6
What is the highest common factor of 78 and 156?
78
Calculate the highest common factor of 20463 and 114.
57
What is the greatest common divisor of 221 and 51?
17
What is the highest common factor of 1141 and 7?
7
What is the greatest common factor of 14 and 567?
7
Calculate the greatest common factor of 2286 and 36.
18
Calculate the greatest common factor of 6615 and 49.
49
What is the highest common divisor of 15 and 80?
5
Calculate the greatest common divisor of 18 and 2205.
9
What is the highest common divisor of 9 and 93?
3
What is the highest common factor of 9 and 1125?
9
What is the highest common factor of 22 and 242?
22
Calculate the greatest common factor of 10052 and 4.
4
What is the highest common factor of 8030 and 770?
110
Calculate the greatest common divisor of 36 and 42.
6
Calculate the greatest common divisor of 4807 and 1881.
209
Calculate the highest common divisor of 91 and 9828.
91
What is the greatest common divisor of 115 and 253?
23
Calculate the highest common divisor of 5 and 11.
1
Calculate the highest common factor of 2304 and 360.
72
Calculate the highest common factor of 141 and 517.
47
Calculate the greatest common factor of 255 and 30.
15
Calculate the greatest common factor of 192 and 5856.
96
Calculate the greatest common factor of 52 and 16.
4
What is the greatest common divisor of 132 and 4972?
44
Calculate the greatest common factor of 1581 and 186.
93
What is the highest common factor of 1802 and 424?
106
Calculate the highest common divisor of 2 and 6.
2
Calculate the highest common factor of 368 and 32.
16
What is the highest common divisor of 95 and 4465?
95
Calculate the greatest common factor of 24 and 768.
24
Calculate the highest common divisor of 930 and 496.
62
What is the highest common factor of 143 and 3289?
143
Calculate the greatest common factor of 1184 and 384.
32
Calculate the greatest common divisor of 176 and 496.
16
Calculate the highest common divisor of 6 and 93.
3
Calculate the greatest common divisor of 338 and 442.
26
What is the greatest common divisor of 30 and 195?
15
Calculate the greatest common divisor of 73 and 657.
73
What is the highest common factor of 44 and 4532?
44
What is the highest common divisor of 369 and 13899?
123
What is the greatest common divisor of 10 and 115?
5
What is the highest common factor of 377 and 130?
13
Calculate the greatest common factor of 944 and 16.
16
Calculate the greatest common factor of 27232 and 184.
184
What is the highest common factor of 9 and 201?
3
What is the highest common divisor of 133 and 63?
7
What is the highest common divisor of 1363 and 261?
29
What is the highest common factor of 21252 and 36?
12
What is the highest common divisor of 531 and 36?
9
What is the highest common factor of 96 and 416?
32
What is the greatest common divisor of 27985 and 145?
145
Calculate the highest common divisor of 4 and 150.
2
What is the highest common factor of 1242 and 54?
54
Calculate the highest common factor of 67388 and 68.
68
What is the highest common divisor of 338 and 78?
26
Calculate the greatest common divisor of 12 and 11724.
12
Calculate the greatest common divisor of 22885 and 46.
23
What is the highest common divisor of 15 and 102?
3
Calculate the greatest common divisor of 64 and 262.
2
Calcul